{"id":43,"date":"2017-11-15T13:35:57","date_gmt":"2017-11-15T12:35:57","guid":{"rendered":"http:\/\/flnetbook\/?page_id=43"},"modified":"2023-10-12T20:27:39","modified_gmt":"2023-10-12T18:27:39","slug":"startseite","status":"publish","type":"page","link":"https:\/\/eduard-moerike-schule.de\/","title":{"rendered":"\u00dcber uns"},"content":{"rendered":"\n<div class=\"wp-block-columns is-layout-flex wp-container-core-columns-is-layout-9d6595d7 wp-block-columns-is-layout-flex\">\n<div class=\"wp-block-column is-vertically-aligned-top is-layout-flow wp-block-column-is-layout-flow\" style=\"flex-basis:33.33%\">\n<figure class=\"wp-block-image size-full\"><img loading=\"lazy\" decoding=\"async\" width=\"320\" height=\"213\" src=\"https:\/\/eduard-moerike-schule.de\/wp-content\/uploads\/2023\/01\/02.jpeg\" alt=\"Tanja Gl\u00f6ggler Schulleiterin der Eduard-M\u00f6rike-Grundschule in Blaustein\" class=\"wp-image-2366\" title=\"Tanja Gl\u00f6ggler Schulleiterin der Eduard-M\u00f6rike-Grundschule in Blaustein\" srcset=\"https:\/\/eduard-moerike-schule.de\/wp-content\/uploads\/2023\/01\/02.jpeg 320w, https:\/\/eduard-moerike-schule.de\/wp-content\/uploads\/2023\/01\/02-300x200.jpeg 300w, https:\/\/eduard-moerike-schule.de\/wp-content\/uploads\/2023\/01\/02-24x16.jpeg 24w, https:\/\/eduard-moerike-schule.de\/wp-content\/uploads\/2023\/01\/02-36x24.jpeg 36w, https:\/\/eduard-moerike-schule.de\/wp-content\/uploads\/2023\/01\/02-48x32.jpeg 48w\" sizes=\"auto, (max-width: 320px) 100vw, 320px\" \/><\/figure>\n\n\n\n<p>\u201eSo intensiv zu leben wie nur m\u00f6glich \u2013 liegt nicht dort im Endeffekt das Ziel unserer Anstrengungen? Und \u2013 sollte es nicht die wesentliche Aufgabe von Schule sein, die optimalen M\u00f6glichkeiten zu entwickeln, um dieses Ziel zu erreichen?\u201d <br>(C\u00e9lestin Freinet)<\/p>\n<\/div>\n\n\n\n<div class=\"wp-block-column is-layout-flow wp-block-column-is-layout-flow\" style=\"flex-basis:66.66%\">\n<h2 class=\"wp-block-heading\">Die Eduard-M\u00f6rike-Grundschule in Blaustein<\/h2>\n\n\n\n<p>Liebe Besucher,<\/p>\n\n\n\n<p>mit diesem Gedanken von C\u00e9lestin Freinet begr\u00fc\u00dfe ich Sie ganz herzlich auf unserer Homepage. Optimale M\u00f6glichkeiten f\u00fcr alle Kinder zu entwickeln &#8211; Freude am Lernen zu wecken und zu erhalten &#8211; Kinder beim Erwerb der Kompetenzen zu unterst\u00fctzen, die sie ben\u00f6tigen, um sich die Vielfalt und die Chancen des Lebens fortw\u00e4hrend selbst erschlie\u00dfen zu k\u00f6nnen \u2013 Darin liegt unser Bestreben. Ich w\u00fcrde mir w\u00fcnschen, dass Sie dies beim St\u00f6bern auf unserer Homepage sp\u00fcren k\u00f6nnen.<\/p>\n\n\n\n<p>Ihre Tanja Gl\u00f6ggler<\/p>\n<\/div>\n<\/div>\n","protected":false},"excerpt":{"rendered":"<p>\u201eSo intensiv zu leben wie nur m\u00f6glich \u2013 liegt nicht dort im Endeffekt das Ziel unserer Anstrengungen? Und \u2013 sollte es nicht die wesentliche Aufgabe von Schule sein, die optimalen M\u00f6glichkeiten zu entwickeln, um dieses Ziel zu erreichen?\u201d (C\u00e9lestin Freinet) Die Eduard-M\u00f6rike-Grundschule in Blaustein Liebe Besucher, mit diesem Gedanken von C\u00e9lestin Freinet begr\u00fc\u00dfe ich Sie &hellip; <\/p>\n<p class=\"link-more\"><a href=\"https:\/\/eduard-moerike-schule.de\/\" class=\"more-link\"><span class=\"screen-reader-text\">\u201e\u00dcber uns\u201c <\/span>weiterlesen<\/a><\/p>\n","protected":false},"author":1,"featured_media":0,"parent":0,"menu_order":0,"comment_status":"closed","ping_status":"closed","template":"","meta":{"footnotes":""},"class_list":["post-43","page","type-page","status-publish","hentry"],"yoast_head":"<!-- This site is optimized with the Yoast SEO plugin v27.1.1 - https:\/\/yoast.com\/product\/yoast-seo-wordpress\/ -->\n<title>\u00dcber uns - Eduard-M\u00f6rike-Grundschule Blaustein<\/title>\n<meta name=\"robots\" content=\"index, follow, max-snippet:-1, max-image-preview:large, max-video-preview:-1\" \/>\n<link rel=\"canonical\" href=\"https:\/\/eduard-moerike-schule.de\/\" \/>\n<meta property=\"og:locale\" content=\"de_DE\" \/>\n<meta property=\"og:type\" content=\"article\" \/>\n<meta property=\"og:title\" content=\"\u00dcber uns - Eduard-M\u00f6rike-Grundschule Blaustein\" \/>\n<meta property=\"og:description\" content=\"\u201eSo intensiv zu leben wie nur m\u00f6glich \u2013 liegt nicht dort im Endeffekt das Ziel unserer Anstrengungen? Und \u2013 sollte es nicht die wesentliche Aufgabe von Schule sein, die optimalen M\u00f6glichkeiten zu entwickeln, um dieses Ziel zu erreichen?\u201d (C\u00e9lestin Freinet) Die Eduard-M\u00f6rike-Grundschule in Blaustein Liebe Besucher, mit diesem Gedanken von C\u00e9lestin Freinet begr\u00fc\u00dfe ich Sie &hellip; \u201e\u00dcber uns\u201c weiterlesen\" \/>\n<meta property=\"og:url\" content=\"https:\/\/eduard-moerike-schule.de\/\" \/>\n<meta property=\"og:site_name\" content=\"Eduard-M\u00f6rike-Grundschule Blaustein\" \/>\n<meta property=\"article:modified_time\" content=\"2023-10-12T18:27:39+00:00\" \/>\n<meta property=\"og:image\" content=\"https:\/\/eduard-moerike-schule.de\/wp-content\/uploads\/2023\/01\/02.jpeg\" \/>\n<meta name=\"twitter:card\" content=\"summary_large_image\" \/>\n<meta name=\"twitter:label1\" content=\"Gesch\u00e4tzte Lesezeit\" \/>\n\t<meta name=\"twitter:data1\" content=\"1\u00a0Minute\" \/>\n<script type=\"application\/ld+json\" class=\"yoast-schema-graph\">{\"@context\":\"https:\/\/schema.org\",\"@graph\":[{\"@type\":\"WebPage\",\"@id\":\"https:\/\/eduard-moerike-schule.de\/\",\"url\":\"https:\/\/eduard-moerike-schule.de\/\",\"name\":\"\u00dcber uns - Eduard-M\u00f6rike-Grundschule Blaustein\",\"isPartOf\":{\"@id\":\"https:\/\/eduard-moerike-schule.de\/#website\"},\"primaryImageOfPage\":{\"@id\":\"https:\/\/eduard-moerike-schule.de\/#primaryimage\"},\"image\":{\"@id\":\"https:\/\/eduard-moerike-schule.de\/#primaryimage\"},\"thumbnailUrl\":\"https:\/\/eduard-moerike-schule.de\/wp-content\/uploads\/2023\/01\/02.jpeg\",\"datePublished\":\"2017-11-15T12:35:57+00:00\",\"dateModified\":\"2023-10-12T18:27:39+00:00\",\"breadcrumb\":{\"@id\":\"https:\/\/eduard-moerike-schule.de\/#breadcrumb\"},\"inLanguage\":\"de\",\"potentialAction\":[{\"@type\":\"ReadAction\",\"target\":[\"https:\/\/eduard-moerike-schule.de\/\"]}]},{\"@type\":\"ImageObject\",\"inLanguage\":\"de\",\"@id\":\"https:\/\/eduard-moerike-schule.de\/#primaryimage\",\"url\":\"https:\/\/eduard-moerike-schule.de\/wp-content\/uploads\/2023\/01\/02.jpeg\",\"contentUrl\":\"https:\/\/eduard-moerike-schule.de\/wp-content\/uploads\/2023\/01\/02.jpeg\",\"width\":320,\"height\":213},{\"@type\":\"BreadcrumbList\",\"@id\":\"https:\/\/eduard-moerike-schule.de\/#breadcrumb\",\"itemListElement\":[{\"@type\":\"ListItem\",\"position\":1,\"name\":\"Startseite\",\"item\":\"https:\/\/eduard-moerike-schule.de\/\"},{\"@type\":\"ListItem\",\"position\":2,\"name\":\"\u00dcber uns\"}]},{\"@type\":\"WebSite\",\"@id\":\"https:\/\/eduard-moerike-schule.de\/#website\",\"url\":\"https:\/\/eduard-moerike-schule.de\/\",\"name\":\"Eduard-M\u00f6rike-Grundschule Blaustein\",\"description\":\"Bunt &amp; Stark\",\"publisher\":{\"@id\":\"https:\/\/eduard-moerike-schule.de\/#organization\"},\"potentialAction\":[{\"@type\":\"SearchAction\",\"target\":{\"@type\":\"EntryPoint\",\"urlTemplate\":\"https:\/\/eduard-moerike-schule.de\/?s={search_term_string}\"},\"query-input\":{\"@type\":\"PropertyValueSpecification\",\"valueRequired\":true,\"valueName\":\"search_term_string\"}}],\"inLanguage\":\"de\"},{\"@type\":\"Organization\",\"@id\":\"https:\/\/eduard-moerike-schule.de\/#organization\",\"name\":\"Eduard-M\u00f6rike-Schule Blaustein\",\"url\":\"https:\/\/eduard-moerike-schule.de\/\",\"logo\":{\"@type\":\"ImageObject\",\"inLanguage\":\"de\",\"@id\":\"https:\/\/eduard-moerike-schule.de\/#\/schema\/logo\/image\/\",\"url\":\"https:\/\/eduard-moerike-schule.de\/wp-content\/uploads\/2017\/11\/logo_1000.jpg\",\"contentUrl\":\"https:\/\/eduard-moerike-schule.de\/wp-content\/uploads\/2017\/11\/logo_1000.jpg\",\"width\":1000,\"height\":356,\"caption\":\"Eduard-M\u00f6rike-Schule Blaustein\"},\"image\":{\"@id\":\"https:\/\/eduard-moerike-schule.de\/#\/schema\/logo\/image\/\"}}]}<\/script>\n<!-- \/ Yoast SEO plugin. -->","yoast_head_json":{"title":"\u00dcber uns - Eduard-M\u00f6rike-Grundschule Blaustein","robots":{"index":"index","follow":"follow","max-snippet":"max-snippet:-1","max-image-preview":"max-image-preview:large","max-video-preview":"max-video-preview:-1"},"canonical":"https:\/\/eduard-moerike-schule.de\/","og_locale":"de_DE","og_type":"article","og_title":"\u00dcber uns - Eduard-M\u00f6rike-Grundschule Blaustein","og_description":"\u201eSo intensiv zu leben wie nur m\u00f6glich \u2013 liegt nicht dort im Endeffekt das Ziel unserer Anstrengungen? Und \u2013 sollte es nicht die wesentliche Aufgabe von Schule sein, die optimalen M\u00f6glichkeiten zu entwickeln, um dieses Ziel zu erreichen?\u201d (C\u00e9lestin Freinet) Die Eduard-M\u00f6rike-Grundschule in Blaustein Liebe Besucher, mit diesem Gedanken von C\u00e9lestin Freinet begr\u00fc\u00dfe ich Sie &hellip; \u201e\u00dcber uns\u201c weiterlesen","og_url":"https:\/\/eduard-moerike-schule.de\/","og_site_name":"Eduard-M\u00f6rike-Grundschule Blaustein","article_modified_time":"2023-10-12T18:27:39+00:00","og_image":[{"url":"https:\/\/eduard-moerike-schule.de\/wp-content\/uploads\/2023\/01\/02.jpeg","type":"","width":"","height":""}],"twitter_card":"summary_large_image","twitter_misc":{"Gesch\u00e4tzte Lesezeit":"1\u00a0Minute"},"schema":{"@context":"https:\/\/schema.org","@graph":[{"@type":"WebPage","@id":"https:\/\/eduard-moerike-schule.de\/","url":"https:\/\/eduard-moerike-schule.de\/","name":"\u00dcber uns - Eduard-M\u00f6rike-Grundschule Blaustein","isPartOf":{"@id":"https:\/\/eduard-moerike-schule.de\/#website"},"primaryImageOfPage":{"@id":"https:\/\/eduard-moerike-schule.de\/#primaryimage"},"image":{"@id":"https:\/\/eduard-moerike-schule.de\/#primaryimage"},"thumbnailUrl":"https:\/\/eduard-moerike-schule.de\/wp-content\/uploads\/2023\/01\/02.jpeg","datePublished":"2017-11-15T12:35:57+00:00","dateModified":"2023-10-12T18:27:39+00:00","breadcrumb":{"@id":"https:\/\/eduard-moerike-schule.de\/#breadcrumb"},"inLanguage":"de","potentialAction":[{"@type":"ReadAction","target":["https:\/\/eduard-moerike-schule.de\/"]}]},{"@type":"ImageObject","inLanguage":"de","@id":"https:\/\/eduard-moerike-schule.de\/#primaryimage","url":"https:\/\/eduard-moerike-schule.de\/wp-content\/uploads\/2023\/01\/02.jpeg","contentUrl":"https:\/\/eduard-moerike-schule.de\/wp-content\/uploads\/2023\/01\/02.jpeg","width":320,"height":213},{"@type":"BreadcrumbList","@id":"https:\/\/eduard-moerike-schule.de\/#breadcrumb","itemListElement":[{"@type":"ListItem","position":1,"name":"Startseite","item":"https:\/\/eduard-moerike-schule.de\/"},{"@type":"ListItem","position":2,"name":"\u00dcber uns"}]},{"@type":"WebSite","@id":"https:\/\/eduard-moerike-schule.de\/#website","url":"https:\/\/eduard-moerike-schule.de\/","name":"Eduard-M\u00f6rike-Grundschule Blaustein","description":"Bunt &amp; Stark","publisher":{"@id":"https:\/\/eduard-moerike-schule.de\/#organization"},"potentialAction":[{"@type":"SearchAction","target":{"@type":"EntryPoint","urlTemplate":"https:\/\/eduard-moerike-schule.de\/?s={search_term_string}"},"query-input":{"@type":"PropertyValueSpecification","valueRequired":true,"valueName":"search_term_string"}}],"inLanguage":"de"},{"@type":"Organization","@id":"https:\/\/eduard-moerike-schule.de\/#organization","name":"Eduard-M\u00f6rike-Schule Blaustein","url":"https:\/\/eduard-moerike-schule.de\/","logo":{"@type":"ImageObject","inLanguage":"de","@id":"https:\/\/eduard-moerike-schule.de\/#\/schema\/logo\/image\/","url":"https:\/\/eduard-moerike-schule.de\/wp-content\/uploads\/2017\/11\/logo_1000.jpg","contentUrl":"https:\/\/eduard-moerike-schule.de\/wp-content\/uploads\/2017\/11\/logo_1000.jpg","width":1000,"height":356,"caption":"Eduard-M\u00f6rike-Schule Blaustein"},"image":{"@id":"https:\/\/eduard-moerike-schule.de\/#\/schema\/logo\/image\/"}}]}},"_links":{"self":[{"href":"https:\/\/eduard-moerike-schule.de\/index.php\/wp-json\/wp\/v2\/pages\/43","targetHints":{"allow":["GET"]}}],"collection":[{"href":"https:\/\/eduard-moerike-schule.de\/index.php\/wp-json\/wp\/v2\/pages"}],"about":[{"href":"https:\/\/eduard-moerike-schule.de\/index.php\/wp-json\/wp\/v2\/types\/page"}],"author":[{"embeddable":true,"href":"https:\/\/eduard-moerike-schule.de\/index.php\/wp-json\/wp\/v2\/users\/1"}],"replies":[{"embeddable":true,"href":"https:\/\/eduard-moerike-schule.de\/index.php\/wp-json\/wp\/v2\/comments?post=43"}],"version-history":[{"count":16,"href":"https:\/\/eduard-moerike-schule.de\/index.php\/wp-json\/wp\/v2\/pages\/43\/revisions"}],"predecessor-version":[{"id":2469,"href":"https:\/\/eduard-moerike-schule.de\/index.php\/wp-json\/wp\/v2\/pages\/43\/revisions\/2469"}],"wp:attachment":[{"href":"https:\/\/eduard-moerike-schule.de\/index.php\/wp-json\/wp\/v2\/media?parent=43"}],"curies":[{"name":"wp","href":"https:\/\/api.w.org\/{rel}","templated":true}]}}