{"id":2228,"date":"2022-11-07T20:42:18","date_gmt":"2022-11-07T19:42:18","guid":{"rendered":"https:\/\/eduard-moerike-schule.de\/?page_id=2228"},"modified":"2025-10-07T14:04:51","modified_gmt":"2025-10-07T12:04:51","slug":"ag-angebote","status":"publish","type":"page","link":"https:\/\/eduard-moerike-schule.de\/index.php\/ag-angebote\/","title":{"rendered":"AG Angebote f\u00fcr die 3. und 4. Klasse"},"content":{"rendered":"\n<p>Seit diesem Schuljahr 2025\/26 haben wir aufgrund unseres vierten Ganztagesnachmittags  am Mittwoch ein ganz neues Nachmittagsangebot f\u00fcr die Dritt- und Viertkl\u00e4ssler. W\u00e4hrend sich die Erst- und Zweitkl\u00e4ssler in Englisch ausprobieren d\u00fcrfen, rotieren die 3. und 4. Klassen innerhalb eines bunten AG Nachmittags. Die Kinder konnten drei W\u00fcnsche angeben, zwei davon gehen In Erf\u00fcllung. Gewechselt wird jeweils nach den Weihnachts- sowie nach den Osterferien.<\/p>\n\n\n\n<div class=\"wp-block-columns is-layout-flex wp-container-core-columns-is-layout-9d6595d7 wp-block-columns-is-layout-flex\">\n<div class=\"wp-block-column is-layout-flow wp-block-column-is-layout-flow\" style=\"flex-basis:33.33%\">\n<h2 class=\"wp-block-heading\">Yoga<\/h2>\n<\/div>\n\n\n\n<div class=\"wp-block-column is-layout-flow wp-block-column-is-layout-flow\" style=\"flex-basis:66.66%\">\n<p>Ob in einem Tuch beim Airial Yoga oder auf dem Boden &#8211; hier lernst du deinen K\u00f6rper garantiert kennen. Du \u00fcbst dich in Balance, innerer St\u00e4rke und Beweglichkeit.<\/p>\n<\/div>\n<\/div>\n\n\n\n<div class=\"wp-block-columns is-layout-flex wp-container-core-columns-is-layout-9d6595d7 wp-block-columns-is-layout-flex\">\n<div class=\"wp-block-column is-layout-flow wp-block-column-is-layout-flow\" style=\"flex-basis:33.33%\">\n<h2 class=\"wp-block-heading\">Tanz<\/h2>\n<\/div>\n\n\n\n<div class=\"wp-block-column is-layout-flow wp-block-column-is-layout-flow\" style=\"flex-basis:66.66%\">\n<p>Tanze mit einem erfahrenen Tanzlehrer. Bewege dich zu coolen Beats und probiere verschiedene Tanzstile aus. Dieses Angebot kommt durch die Kooperation mit dem Roxy zustande.<\/p>\n<\/div>\n<\/div>\n\n\n\n<div class=\"wp-block-columns is-layout-flex wp-container-core-columns-is-layout-9d6595d7 wp-block-columns-is-layout-flex\">\n<div class=\"wp-block-column is-layout-flow wp-block-column-is-layout-flow\">\n<div class=\"wp-block-columns is-layout-flex wp-container-core-columns-is-layout-9d6595d7 wp-block-columns-is-layout-flex\">\n<div class=\"wp-block-column is-layout-flow wp-block-column-is-layout-flow\" style=\"flex-basis:33.33%\">\n<h2 class=\"wp-block-heading\">Tennis<\/h2>\n<\/div>\n\n\n\n<div class=\"wp-block-column is-layout-flow wp-block-column-is-layout-flow\" style=\"flex-basis:66.66%\">\n<p>In Kooperation mit dem SV Arnegg hast du hier die M\u00f6glichkeit, dich im Tennis zu beweisen. <\/p>\n<\/div>\n<\/div>\n\n\n\n<div class=\"wp-block-columns is-layout-flex wp-container-core-columns-is-layout-9d6595d7 wp-block-columns-is-layout-flex\">\n<div class=\"wp-block-column is-layout-flow wp-block-column-is-layout-flow\" style=\"flex-basis:33.33%\">\n<h2 class=\"wp-block-heading\">Boxen<\/h2>\n<\/div>\n\n\n\n<div class=\"wp-block-column is-layout-flow wp-block-column-is-layout-flow\" style=\"flex-basis:66.66%\">\n<p>Mit den richtigen Handschuhen an den F\u00e4usten und festgelegten Regeln kannst du hier eine Kampfsportart kennenlernen.<\/p>\n<\/div>\n<\/div>\n\n\n\n<div class=\"wp-block-columns is-layout-flex wp-container-core-columns-is-layout-9d6595d7 wp-block-columns-is-layout-flex\">\n<div class=\"wp-block-column is-layout-flow wp-block-column-is-layout-flow\" style=\"flex-basis:33.33%\">\n<h2 class=\"wp-block-heading\">Kochen<\/h2>\n<\/div>\n\n\n\n<div class=\"wp-block-column is-layout-flow wp-block-column-is-layout-flow\" style=\"flex-basis:66.66%\">\n<p>Quer Beet oder quer \u00fcber den Erdball &#8211; hier werden verschiedene Gerichte aus aller Welt ausprobiert und nat\u00fcrlich auch verspeist.<\/p>\n<\/div>\n<\/div>\n\n\n\n<div class=\"wp-block-columns is-layout-flex wp-container-core-columns-is-layout-9d6595d7 wp-block-columns-is-layout-flex\">\n<div class=\"wp-block-column is-layout-flow wp-block-column-is-layout-flow\" style=\"flex-basis:33.33%\">\n<h2 class=\"wp-block-heading\">T\u00f6pfern<\/h2>\n<\/div>\n\n\n\n<div class=\"wp-block-column is-layout-flow wp-block-column-is-layout-flow\" style=\"flex-basis:66.66%\">\n<p>Mit einer erfahrenen T\u00f6pferin kannst du hier ganz eigene Werke und Produkte aus Ton herstellen. <\/p>\n<\/div>\n<\/div>\n\n\n\n<div class=\"wp-block-columns is-layout-flex wp-container-core-columns-is-layout-9d6595d7 wp-block-columns-is-layout-flex\">\n<div class=\"wp-block-column is-layout-flow wp-block-column-is-layout-flow\" style=\"flex-basis:33.33%\">\n<h2 class=\"wp-block-heading\">Ich mach, was mir gef\u00e4llt<\/h2>\n<\/div>\n\n\n\n<div class=\"wp-block-column is-layout-flow wp-block-column-is-layout-flow\" style=\"flex-basis:66.66%\">\n<p>Das Spielen, Basteln, Toben und Ausruhen darf nicht zu kurz kommen. In dieser AG kannst du die R\u00e4umlichkeiten der Villa EMS genie\u00dfen.<\/p>\n<\/div>\n<\/div>\n\n\n\n<div class=\"wp-block-columns is-layout-flex wp-container-core-columns-is-layout-9d6595d7 wp-block-columns-is-layout-flex\">\n<div class=\"wp-block-column is-layout-flow wp-block-column-is-layout-flow\" style=\"flex-basis:33.33%\">\n<h2 class=\"wp-block-heading\">Franz\u00f6sisch<\/h2>\n<\/div>\n\n\n\n<div class=\"wp-block-column is-layout-flow wp-block-column-is-layout-flow\" style=\"flex-basis:66.66%\">\n<p>Das franz\u00f6sische Institut unterst\u00fctzt uns hier mit einer professionellen Lehrkraft. Die Kinder k\u00f6nnen einen Schnupperkurs in Franz\u00f6sisch ausprobieren &#8211; auch im Hinblick auf die weiterf\u00fchrende Schule.<\/p>\n<\/div>\n<\/div>\n\n\n\n<div class=\"wp-block-columns is-layout-flex wp-container-core-columns-is-layout-9d6595d7 wp-block-columns-is-layout-flex\">\n<div class=\"wp-block-column is-layout-flow wp-block-column-is-layout-flow\" style=\"flex-basis:33.33%\">\n<h2 class=\"wp-block-heading\">Abenteuer im Geschichtenland<\/h2>\n<\/div>\n\n\n\n<div class=\"wp-block-column is-layout-flow wp-block-column-is-layout-flow\" style=\"flex-basis:66.66%\">\n<p>Unsere B\u00fccherei ist ein ganz besonderer Ort. Hier trifft sich die AG Abenteuer im Geschichtenland: selbst lesen, kreativ werden, vorlesen, anh\u00f6ren&#8230;all das kannst du hier ausprobieren.<\/p>\n<\/div>\n<\/div>\n\n\n\n<div class=\"wp-block-columns is-layout-flex wp-container-core-columns-is-layout-9d6595d7 wp-block-columns-is-layout-flex\">\n<div class=\"wp-block-column is-layout-flow wp-block-column-is-layout-flow\" style=\"flex-basis:33.33%\">\n<h2 class=\"wp-block-heading\">Chemie<\/h2>\n<\/div>\n\n\n\n<div class=\"wp-block-column is-layout-flow wp-block-column-is-layout-flow\" style=\"flex-basis:66.66%\">\n<p>Wenn du Experimente und Forschen interessant findest, dann bist du hier genau richtig. Hier experimentierst du in unserem Labor.<\/p>\n<\/div>\n<\/div>\n<\/div>\n<\/div>\n\n\n\n<div class=\"wp-block-columns is-layout-flex wp-container-core-columns-is-layout-9d6595d7 wp-block-columns-is-layout-flex\">\n<div class=\"wp-block-column is-layout-flow wp-block-column-is-layout-flow\" style=\"flex-basis:33.33%\">\n<h2 class=\"wp-block-heading\">Theater<\/h2>\n\n\n\n<div class=\"wp-block-columns is-layout-flex wp-container-core-columns-is-layout-9d6595d7 wp-block-columns-is-layout-flex\">\n<div class=\"wp-block-column is-layout-flow wp-block-column-is-layout-flow\"><\/div>\n\n\n\n<div class=\"wp-block-column is-layout-flow wp-block-column-is-layout-flow\"><\/div>\n<\/div>\n<\/div>\n\n\n\n<div class=\"wp-block-column is-layout-flow wp-block-column-is-layout-flow\" style=\"flex-basis:66.66%\">\n<p>Du gehst gern ins Theater, schl\u00fcpfst gern in andere Rollen oder m\u00f6chtest einmal Schauspielerin werden? Dann komme in die Theater AG, die von einer erfahrenen Schauspielerin und Regisseurin geleitet wird. <\/p>\n<\/div>\n<\/div>\n\n\n\n<div class=\"wp-block-columns is-layout-flex wp-container-core-columns-is-layout-9d6595d7 wp-block-columns-is-layout-flex\">\n<div class=\"wp-block-column is-layout-flow wp-block-column-is-layout-flow\" style=\"flex-basis:33.33%\">\n<h2 class=\"wp-block-heading\">Marburger Konzentrations-training<\/h2>\n<\/div>\n\n\n\n<div class=\"wp-block-column is-layout-flow wp-block-column-is-layout-flow\" style=\"flex-basis:66.66%\">\n<p>Das Marburger Konzentrationstraining ist ein Programm, das Konzentrationsschwierigkeiten und Aufmerksamkeitsst\u00f6rungen entgegenwirken soll.<mark> <\/mark>Es vermittelt Kindern durch spielerische \u00dcbungen, Entspannungstechniken und vor allem durch verbales Selbstinstruktionstraining, ihre Aufmerksamkeit gezielt zu steuern, Aufgaben planvoller zu bearbeiten und ihre Selbstst\u00e4ndigkeit zu st\u00e4rken.&nbsp;Das Training f\u00f6rdert die Konzentration, verbessert die Leistungsf\u00e4higkeit und st\u00e4rkt das Selbstbewusstsein der Kinder.&nbsp;<\/p>\n<\/div>\n<\/div>\n","protected":false},"excerpt":{"rendered":"<p>Seit diesem Schuljahr 2025\/26 haben wir aufgrund unseres vierten Ganztagesnachmittags am Mittwoch ein ganz neues Nachmittagsangebot f\u00fcr die Dritt- und Viertkl\u00e4ssler. W\u00e4hrend sich die Erst- und Zweitkl\u00e4ssler in Englisch ausprobieren d\u00fcrfen, rotieren die 3. und 4. Klassen innerhalb eines bunten AG Nachmittags. Die Kinder konnten drei W\u00fcnsche angeben, zwei davon gehen In Erf\u00fcllung. Gewechselt wird &hellip; <\/p>\n<p class=\"link-more\"><a href=\"https:\/\/eduard-moerike-schule.de\/index.php\/ag-angebote\/\" class=\"more-link\"><span class=\"screen-reader-text\">\u201eAG Angebote f\u00fcr die 3. und 4. Klasse\u201c <\/span>weiterlesen<\/a><\/p>\n","protected":false},"author":6,"featured_media":0,"parent":0,"menu_order":0,"comment_status":"closed","ping_status":"closed","template":"","meta":{"footnotes":""},"class_list":["post-2228","page","type-page","status-publish","hentry"],"yoast_head":"<!-- This site is optimized with the Yoast SEO plugin v27.1.1 - https:\/\/yoast.com\/product\/yoast-seo-wordpress\/ -->\n<title>AG Angebote f\u00fcr die 3. und 4. Klasse - Eduard-M\u00f6rike-Grundschule Blaustein<\/title>\n<meta name=\"robots\" content=\"index, follow, max-snippet:-1, max-image-preview:large, max-video-preview:-1\" \/>\n<link rel=\"canonical\" href=\"https:\/\/eduard-moerike-schule.de\/index.php\/ag-angebote\/\" \/>\n<meta property=\"og:locale\" content=\"de_DE\" \/>\n<meta property=\"og:type\" content=\"article\" \/>\n<meta property=\"og:title\" content=\"AG Angebote f\u00fcr die 3. und 4. Klasse - Eduard-M\u00f6rike-Grundschule Blaustein\" \/>\n<meta property=\"og:description\" content=\"Seit diesem Schuljahr 2025\/26 haben wir aufgrund unseres vierten Ganztagesnachmittags am Mittwoch ein ganz neues Nachmittagsangebot f\u00fcr die Dritt- und Viertkl\u00e4ssler. W\u00e4hrend sich die Erst- und Zweitkl\u00e4ssler in Englisch ausprobieren d\u00fcrfen, rotieren die 3. und 4. Klassen innerhalb eines bunten AG Nachmittags. Die Kinder konnten drei W\u00fcnsche angeben, zwei davon gehen In Erf\u00fcllung. Gewechselt wird &hellip; \u201eAG Angebote f\u00fcr die 3. und 4. Klasse\u201c weiterlesen\" \/>\n<meta property=\"og:url\" content=\"https:\/\/eduard-moerike-schule.de\/index.php\/ag-angebote\/\" \/>\n<meta property=\"og:site_name\" content=\"Eduard-M\u00f6rike-Grundschule Blaustein\" \/>\n<meta property=\"article:modified_time\" content=\"2025-10-07T12:04:51+00:00\" \/>\n<meta name=\"twitter:card\" content=\"summary_large_image\" \/>\n<meta name=\"twitter:label1\" content=\"Gesch\u00e4tzte Lesezeit\" \/>\n\t<meta name=\"twitter:data1\" content=\"3\u00a0Minuten\" \/>\n<script type=\"application\/ld+json\" class=\"yoast-schema-graph\">{\"@context\":\"https:\/\/schema.org\",\"@graph\":[{\"@type\":\"WebPage\",\"@id\":\"https:\/\/eduard-moerike-schule.de\/index.php\/ag-angebote\/\",\"url\":\"https:\/\/eduard-moerike-schule.de\/index.php\/ag-angebote\/\",\"name\":\"AG Angebote f\u00fcr die 3. und 4. Klasse - Eduard-M\u00f6rike-Grundschule Blaustein\",\"isPartOf\":{\"@id\":\"https:\/\/eduard-moerike-schule.de\/#website\"},\"datePublished\":\"2022-11-07T19:42:18+00:00\",\"dateModified\":\"2025-10-07T12:04:51+00:00\",\"breadcrumb\":{\"@id\":\"https:\/\/eduard-moerike-schule.de\/index.php\/ag-angebote\/#breadcrumb\"},\"inLanguage\":\"de\",\"potentialAction\":[{\"@type\":\"ReadAction\",\"target\":[\"https:\/\/eduard-moerike-schule.de\/index.php\/ag-angebote\/\"]}]},{\"@type\":\"BreadcrumbList\",\"@id\":\"https:\/\/eduard-moerike-schule.de\/index.php\/ag-angebote\/#breadcrumb\",\"itemListElement\":[{\"@type\":\"ListItem\",\"position\":1,\"name\":\"Startseite\",\"item\":\"https:\/\/eduard-moerike-schule.de\/\"},{\"@type\":\"ListItem\",\"position\":2,\"name\":\"AG Angebote f\u00fcr die 3. und 4. Klasse\"}]},{\"@type\":\"WebSite\",\"@id\":\"https:\/\/eduard-moerike-schule.de\/#website\",\"url\":\"https:\/\/eduard-moerike-schule.de\/\",\"name\":\"Eduard-M\u00f6rike-Grundschule Blaustein\",\"description\":\"Bunt &amp; Stark\",\"publisher\":{\"@id\":\"https:\/\/eduard-moerike-schule.de\/#organization\"},\"potentialAction\":[{\"@type\":\"SearchAction\",\"target\":{\"@type\":\"EntryPoint\",\"urlTemplate\":\"https:\/\/eduard-moerike-schule.de\/?s={search_term_string}\"},\"query-input\":{\"@type\":\"PropertyValueSpecification\",\"valueRequired\":true,\"valueName\":\"search_term_string\"}}],\"inLanguage\":\"de\"},{\"@type\":\"Organization\",\"@id\":\"https:\/\/eduard-moerike-schule.de\/#organization\",\"name\":\"Eduard-M\u00f6rike-Schule Blaustein\",\"url\":\"https:\/\/eduard-moerike-schule.de\/\",\"logo\":{\"@type\":\"ImageObject\",\"inLanguage\":\"de\",\"@id\":\"https:\/\/eduard-moerike-schule.de\/#\/schema\/logo\/image\/\",\"url\":\"https:\/\/eduard-moerike-schule.de\/wp-content\/uploads\/2017\/11\/logo_1000.jpg\",\"contentUrl\":\"https:\/\/eduard-moerike-schule.de\/wp-content\/uploads\/2017\/11\/logo_1000.jpg\",\"width\":1000,\"height\":356,\"caption\":\"Eduard-M\u00f6rike-Schule Blaustein\"},\"image\":{\"@id\":\"https:\/\/eduard-moerike-schule.de\/#\/schema\/logo\/image\/\"}}]}<\/script>\n<!-- \/ Yoast SEO plugin. -->","yoast_head_json":{"title":"AG Angebote f\u00fcr die 3. und 4. Klasse - Eduard-M\u00f6rike-Grundschule Blaustein","robots":{"index":"index","follow":"follow","max-snippet":"max-snippet:-1","max-image-preview":"max-image-preview:large","max-video-preview":"max-video-preview:-1"},"canonical":"https:\/\/eduard-moerike-schule.de\/index.php\/ag-angebote\/","og_locale":"de_DE","og_type":"article","og_title":"AG Angebote f\u00fcr die 3. und 4. Klasse - Eduard-M\u00f6rike-Grundschule Blaustein","og_description":"Seit diesem Schuljahr 2025\/26 haben wir aufgrund unseres vierten Ganztagesnachmittags am Mittwoch ein ganz neues Nachmittagsangebot f\u00fcr die Dritt- und Viertkl\u00e4ssler. W\u00e4hrend sich die Erst- und Zweitkl\u00e4ssler in Englisch ausprobieren d\u00fcrfen, rotieren die 3. und 4. Klassen innerhalb eines bunten AG Nachmittags. Die Kinder konnten drei W\u00fcnsche angeben, zwei davon gehen In Erf\u00fcllung. Gewechselt wird &hellip; \u201eAG Angebote f\u00fcr die 3. und 4. Klasse\u201c weiterlesen","og_url":"https:\/\/eduard-moerike-schule.de\/index.php\/ag-angebote\/","og_site_name":"Eduard-M\u00f6rike-Grundschule Blaustein","article_modified_time":"2025-10-07T12:04:51+00:00","twitter_card":"summary_large_image","twitter_misc":{"Gesch\u00e4tzte Lesezeit":"3\u00a0Minuten"},"schema":{"@context":"https:\/\/schema.org","@graph":[{"@type":"WebPage","@id":"https:\/\/eduard-moerike-schule.de\/index.php\/ag-angebote\/","url":"https:\/\/eduard-moerike-schule.de\/index.php\/ag-angebote\/","name":"AG Angebote f\u00fcr die 3. und 4. Klasse - Eduard-M\u00f6rike-Grundschule Blaustein","isPartOf":{"@id":"https:\/\/eduard-moerike-schule.de\/#website"},"datePublished":"2022-11-07T19:42:18+00:00","dateModified":"2025-10-07T12:04:51+00:00","breadcrumb":{"@id":"https:\/\/eduard-moerike-schule.de\/index.php\/ag-angebote\/#breadcrumb"},"inLanguage":"de","potentialAction":[{"@type":"ReadAction","target":["https:\/\/eduard-moerike-schule.de\/index.php\/ag-angebote\/"]}]},{"@type":"BreadcrumbList","@id":"https:\/\/eduard-moerike-schule.de\/index.php\/ag-angebote\/#breadcrumb","itemListElement":[{"@type":"ListItem","position":1,"name":"Startseite","item":"https:\/\/eduard-moerike-schule.de\/"},{"@type":"ListItem","position":2,"name":"AG Angebote f\u00fcr die 3. und 4. Klasse"}]},{"@type":"WebSite","@id":"https:\/\/eduard-moerike-schule.de\/#website","url":"https:\/\/eduard-moerike-schule.de\/","name":"Eduard-M\u00f6rike-Grundschule Blaustein","description":"Bunt &amp; Stark","publisher":{"@id":"https:\/\/eduard-moerike-schule.de\/#organization"},"potentialAction":[{"@type":"SearchAction","target":{"@type":"EntryPoint","urlTemplate":"https:\/\/eduard-moerike-schule.de\/?s={search_term_string}"},"query-input":{"@type":"PropertyValueSpecification","valueRequired":true,"valueName":"search_term_string"}}],"inLanguage":"de"},{"@type":"Organization","@id":"https:\/\/eduard-moerike-schule.de\/#organization","name":"Eduard-M\u00f6rike-Schule Blaustein","url":"https:\/\/eduard-moerike-schule.de\/","logo":{"@type":"ImageObject","inLanguage":"de","@id":"https:\/\/eduard-moerike-schule.de\/#\/schema\/logo\/image\/","url":"https:\/\/eduard-moerike-schule.de\/wp-content\/uploads\/2017\/11\/logo_1000.jpg","contentUrl":"https:\/\/eduard-moerike-schule.de\/wp-content\/uploads\/2017\/11\/logo_1000.jpg","width":1000,"height":356,"caption":"Eduard-M\u00f6rike-Schule Blaustein"},"image":{"@id":"https:\/\/eduard-moerike-schule.de\/#\/schema\/logo\/image\/"}}]}},"_links":{"self":[{"href":"https:\/\/eduard-moerike-schule.de\/index.php\/wp-json\/wp\/v2\/pages\/2228","targetHints":{"allow":["GET"]}}],"collection":[{"href":"https:\/\/eduard-moerike-schule.de\/index.php\/wp-json\/wp\/v2\/pages"}],"about":[{"href":"https:\/\/eduard-moerike-schule.de\/index.php\/wp-json\/wp\/v2\/types\/page"}],"author":[{"embeddable":true,"href":"https:\/\/eduard-moerike-schule.de\/index.php\/wp-json\/wp\/v2\/users\/6"}],"replies":[{"embeddable":true,"href":"https:\/\/eduard-moerike-schule.de\/index.php\/wp-json\/wp\/v2\/comments?post=2228"}],"version-history":[{"count":22,"href":"https:\/\/eduard-moerike-schule.de\/index.php\/wp-json\/wp\/v2\/pages\/2228\/revisions"}],"predecessor-version":[{"id":3124,"href":"https:\/\/eduard-moerike-schule.de\/index.php\/wp-json\/wp\/v2\/pages\/2228\/revisions\/3124"}],"wp:attachment":[{"href":"https:\/\/eduard-moerike-schule.de\/index.php\/wp-json\/wp\/v2\/media?parent=2228"}],"curies":[{"name":"wp","href":"https:\/\/api.w.org\/{rel}","templated":true}]}}