{"id":181,"date":"2017-11-16T18:15:06","date_gmt":"2017-11-16T17:15:06","guid":{"rendered":"http:\/\/eduard-moerike-schule.de\/?page_id=181"},"modified":"2025-10-21T19:55:39","modified_gmt":"2025-10-21T17:55:39","slug":"elternbeirat","status":"publish","type":"page","link":"https:\/\/eduard-moerike-schule.de\/index.php\/elternbeirat\/","title":{"rendered":"Elternbeirat"},"content":{"rendered":"<div id=\"wrapper\">\n<h1>Elternvertreter und Elternbeirat<\/h1>\n<div style=\"text-align: left;\">Der Elternbeirat wird gebildet von den Elternvertretern und Stellvertreter der einzelnen Klassen. Der Elternbeirat w\u00e4hlt einen Vorsitzenden und Stellvertreter, die die W\u00fcnsche und Vorschl\u00e4ge der Eltern an die Schulleitung weitergeben und alle Eltern der Schule gegen\u00fcber der \u00d6ffentlichkeit vertreten. Au\u00dferdem nehmen sie an den Beratungen der Schulkonferenz teil.<\/div>\n<div id=\"inhalt\">\n<p style=\"text-align: left;\">Im diesem Schuljahr gibt es folgende Elternvertreter:<\/p>\n<p style=\"text-align: left;\"><strong>Klassenelternvertreter:<\/strong><\/p>\n<table cellspacing=\"0\" cellpadding=\"0\">\n<tbody>\n<tr>\n<td valign=\"middle\">\n<p>Klasse 1a:<\/p>\n<\/td>\n<td valign=\"middle\">\n<p>Sarah Bucher<\/p>\n<\/td>\n<td valign=\"middle\">\n<p>Michael Bayer<\/p>\n<\/td>\n<\/tr>\n<tr>\n<td valign=\"middle\">\n<p>Klasse 1b:<\/p>\n<\/td>\n<td valign=\"middle\">\n<p>Dr. Cornelia Kropf-Sanchen<\/p>\n<\/td>\n<td valign=\"middle\">\n<p>Eva-Maria Schmid<\/p>\n<\/td>\n<\/tr>\n<tr>\n<td valign=\"middle\">\n<p>Klasse 2a:<\/p>\n<\/td>\n<td valign=\"middle\">\n<p>Jelena Haghitat<\/p>\n<\/td>\n<td valign=\"middle\">\n<p>Dilek Er<\/p>\n<\/td>\n<\/tr>\n<tr>\n<td valign=\"middle\">\n<p>Klasse 2b:<\/p>\n<\/td>\n<td valign=\"middle\">\n<p>Gloria Luther<\/p>\n<\/td>\n<td valign=\"middle\">\n<p>Ariane Kehl<\/p>\n<\/td>\n<\/tr>\n<tr>\n<td valign=\"middle\">\n<p>Klasse 3a:<\/p>\n<\/td>\n<td valign=\"middle\">\n<p>Anik\u00f3 Diegel<\/p>\n<\/td>\n<td valign=\"middle\">\n<p>Nathalie Hund<\/p>\n<\/td>\n<\/tr>\n<tr>\n<td valign=\"middle\">\n<p>Klasse 3b:<\/p>\n<\/td>\n<td valign=\"middle\">\n<p>Angela S\u00f6ll<\/p>\n<\/td>\n<td valign=\"middle\">\n<p>Jan Schreckenberg<\/p>\n<\/td>\n<\/tr>\n<tr>\n<td valign=\"middle\">\n<p>Klasse 4a:<\/p>\n<\/td>\n<td valign=\"middle\">\n<p>Kristina Lenz<\/p>\n<\/td>\n<td valign=\"middle\">\n<p>Clarissa Azevedo Maikebay<\/p>\n<\/td>\n<\/tr>\n<tr>\n<td valign=\"middle\">\n<p>Klasse 4b:<\/p>\n<\/td>\n<td valign=\"middle\">\n<p>Anna Walter<\/p>\n<\/td>\n<td valign=\"middle\">\n<p>Teresa Alos Santamaria<\/p>\n<\/td>\n<\/tr>\n<\/tbody>\n<\/table>\n<\/div>\n<\/div>\n<p style=\"text-align: left;\"><strong>Elternbeiratsvorsitzende:<\/strong><\/p>\n<table style=\"height: 29px;\" width=\"729\">\n<tbody>\n<tr>\n<td>Anik\u00f3 Diegel<\/td>\n<td>Michael Bayer<\/td>\n<\/tr>\n<\/tbody>\n<\/table>\n\n\n<p><\/p>\n","protected":false},"excerpt":{"rendered":"<p>Elternvertreter und Elternbeirat Der Elternbeirat wird gebildet von den Elternvertretern und Stellvertreter der einzelnen Klassen. Der Elternbeirat w\u00e4hlt einen Vorsitzenden und Stellvertreter, die die W\u00fcnsche und Vorschl\u00e4ge der Eltern an die Schulleitung weitergeben und alle Eltern der Schule gegen\u00fcber der \u00d6ffentlichkeit vertreten. Au\u00dferdem nehmen sie an den Beratungen der Schulkonferenz teil. Im diesem Schuljahr gibt &hellip; <\/p>\n<p class=\"link-more\"><a href=\"https:\/\/eduard-moerike-schule.de\/index.php\/elternbeirat\/\" class=\"more-link\"><span class=\"screen-reader-text\">\u201eElternbeirat\u201c <\/span>weiterlesen<\/a><\/p>\n","protected":false},"author":1,"featured_media":0,"parent":0,"menu_order":0,"comment_status":"closed","ping_status":"closed","template":"","meta":{"footnotes":""},"class_list":["post-181","page","type-page","status-publish","hentry"],"yoast_head":"<!-- This site is optimized with the Yoast SEO plugin v27.1.1 - https:\/\/yoast.com\/product\/yoast-seo-wordpress\/ -->\n<title>Elternbeirat - Eduard-M\u00f6rike-Grundschule Blaustein<\/title>\n<meta name=\"robots\" content=\"index, follow, max-snippet:-1, max-image-preview:large, max-video-preview:-1\" \/>\n<link rel=\"canonical\" href=\"https:\/\/eduard-moerike-schule.de\/index.php\/elternbeirat\/\" \/>\n<meta property=\"og:locale\" content=\"de_DE\" \/>\n<meta property=\"og:type\" content=\"article\" \/>\n<meta property=\"og:title\" content=\"Elternbeirat - Eduard-M\u00f6rike-Grundschule Blaustein\" \/>\n<meta property=\"og:description\" content=\"Elternvertreter und Elternbeirat Der Elternbeirat wird gebildet von den Elternvertretern und Stellvertreter der einzelnen Klassen. Der Elternbeirat w\u00e4hlt einen Vorsitzenden und Stellvertreter, die die W\u00fcnsche und Vorschl\u00e4ge der Eltern an die Schulleitung weitergeben und alle Eltern der Schule gegen\u00fcber der \u00d6ffentlichkeit vertreten. Au\u00dferdem nehmen sie an den Beratungen der Schulkonferenz teil. Im diesem Schuljahr gibt &hellip; \u201eElternbeirat\u201c weiterlesen\" \/>\n<meta property=\"og:url\" content=\"https:\/\/eduard-moerike-schule.de\/index.php\/elternbeirat\/\" \/>\n<meta property=\"og:site_name\" content=\"Eduard-M\u00f6rike-Grundschule Blaustein\" \/>\n<meta property=\"article:modified_time\" content=\"2025-10-21T17:55:39+00:00\" \/>\n<meta name=\"twitter:card\" content=\"summary_large_image\" \/>\n<meta name=\"twitter:label1\" content=\"Gesch\u00e4tzte Lesezeit\" \/>\n\t<meta name=\"twitter:data1\" content=\"1\u00a0Minute\" \/>\n<script type=\"application\/ld+json\" class=\"yoast-schema-graph\">{\"@context\":\"https:\/\/schema.org\",\"@graph\":[{\"@type\":\"WebPage\",\"@id\":\"https:\/\/eduard-moerike-schule.de\/index.php\/elternbeirat\/\",\"url\":\"https:\/\/eduard-moerike-schule.de\/index.php\/elternbeirat\/\",\"name\":\"Elternbeirat - Eduard-M\u00f6rike-Grundschule Blaustein\",\"isPartOf\":{\"@id\":\"https:\/\/eduard-moerike-schule.de\/#website\"},\"datePublished\":\"2017-11-16T17:15:06+00:00\",\"dateModified\":\"2025-10-21T17:55:39+00:00\",\"breadcrumb\":{\"@id\":\"https:\/\/eduard-moerike-schule.de\/index.php\/elternbeirat\/#breadcrumb\"},\"inLanguage\":\"de\",\"potentialAction\":[{\"@type\":\"ReadAction\",\"target\":[\"https:\/\/eduard-moerike-schule.de\/index.php\/elternbeirat\/\"]}]},{\"@type\":\"BreadcrumbList\",\"@id\":\"https:\/\/eduard-moerike-schule.de\/index.php\/elternbeirat\/#breadcrumb\",\"itemListElement\":[{\"@type\":\"ListItem\",\"position\":1,\"name\":\"Startseite\",\"item\":\"https:\/\/eduard-moerike-schule.de\/\"},{\"@type\":\"ListItem\",\"position\":2,\"name\":\"Elternbeirat\"}]},{\"@type\":\"WebSite\",\"@id\":\"https:\/\/eduard-moerike-schule.de\/#website\",\"url\":\"https:\/\/eduard-moerike-schule.de\/\",\"name\":\"Eduard-M\u00f6rike-Grundschule Blaustein\",\"description\":\"Bunt &amp; Stark\",\"publisher\":{\"@id\":\"https:\/\/eduard-moerike-schule.de\/#organization\"},\"potentialAction\":[{\"@type\":\"SearchAction\",\"target\":{\"@type\":\"EntryPoint\",\"urlTemplate\":\"https:\/\/eduard-moerike-schule.de\/?s={search_term_string}\"},\"query-input\":{\"@type\":\"PropertyValueSpecification\",\"valueRequired\":true,\"valueName\":\"search_term_string\"}}],\"inLanguage\":\"de\"},{\"@type\":\"Organization\",\"@id\":\"https:\/\/eduard-moerike-schule.de\/#organization\",\"name\":\"Eduard-M\u00f6rike-Schule Blaustein\",\"url\":\"https:\/\/eduard-moerike-schule.de\/\",\"logo\":{\"@type\":\"ImageObject\",\"inLanguage\":\"de\",\"@id\":\"https:\/\/eduard-moerike-schule.de\/#\/schema\/logo\/image\/\",\"url\":\"https:\/\/eduard-moerike-schule.de\/wp-content\/uploads\/2017\/11\/logo_1000.jpg\",\"contentUrl\":\"https:\/\/eduard-moerike-schule.de\/wp-content\/uploads\/2017\/11\/logo_1000.jpg\",\"width\":1000,\"height\":356,\"caption\":\"Eduard-M\u00f6rike-Schule Blaustein\"},\"image\":{\"@id\":\"https:\/\/eduard-moerike-schule.de\/#\/schema\/logo\/image\/\"}}]}<\/script>\n<!-- \/ Yoast SEO plugin. -->","yoast_head_json":{"title":"Elternbeirat - Eduard-M\u00f6rike-Grundschule Blaustein","robots":{"index":"index","follow":"follow","max-snippet":"max-snippet:-1","max-image-preview":"max-image-preview:large","max-video-preview":"max-video-preview:-1"},"canonical":"https:\/\/eduard-moerike-schule.de\/index.php\/elternbeirat\/","og_locale":"de_DE","og_type":"article","og_title":"Elternbeirat - Eduard-M\u00f6rike-Grundschule Blaustein","og_description":"Elternvertreter und Elternbeirat Der Elternbeirat wird gebildet von den Elternvertretern und Stellvertreter der einzelnen Klassen. Der Elternbeirat w\u00e4hlt einen Vorsitzenden und Stellvertreter, die die W\u00fcnsche und Vorschl\u00e4ge der Eltern an die Schulleitung weitergeben und alle Eltern der Schule gegen\u00fcber der \u00d6ffentlichkeit vertreten. Au\u00dferdem nehmen sie an den Beratungen der Schulkonferenz teil. Im diesem Schuljahr gibt &hellip; \u201eElternbeirat\u201c weiterlesen","og_url":"https:\/\/eduard-moerike-schule.de\/index.php\/elternbeirat\/","og_site_name":"Eduard-M\u00f6rike-Grundschule Blaustein","article_modified_time":"2025-10-21T17:55:39+00:00","twitter_card":"summary_large_image","twitter_misc":{"Gesch\u00e4tzte Lesezeit":"1\u00a0Minute"},"schema":{"@context":"https:\/\/schema.org","@graph":[{"@type":"WebPage","@id":"https:\/\/eduard-moerike-schule.de\/index.php\/elternbeirat\/","url":"https:\/\/eduard-moerike-schule.de\/index.php\/elternbeirat\/","name":"Elternbeirat - Eduard-M\u00f6rike-Grundschule Blaustein","isPartOf":{"@id":"https:\/\/eduard-moerike-schule.de\/#website"},"datePublished":"2017-11-16T17:15:06+00:00","dateModified":"2025-10-21T17:55:39+00:00","breadcrumb":{"@id":"https:\/\/eduard-moerike-schule.de\/index.php\/elternbeirat\/#breadcrumb"},"inLanguage":"de","potentialAction":[{"@type":"ReadAction","target":["https:\/\/eduard-moerike-schule.de\/index.php\/elternbeirat\/"]}]},{"@type":"BreadcrumbList","@id":"https:\/\/eduard-moerike-schule.de\/index.php\/elternbeirat\/#breadcrumb","itemListElement":[{"@type":"ListItem","position":1,"name":"Startseite","item":"https:\/\/eduard-moerike-schule.de\/"},{"@type":"ListItem","position":2,"name":"Elternbeirat"}]},{"@type":"WebSite","@id":"https:\/\/eduard-moerike-schule.de\/#website","url":"https:\/\/eduard-moerike-schule.de\/","name":"Eduard-M\u00f6rike-Grundschule Blaustein","description":"Bunt &amp; Stark","publisher":{"@id":"https:\/\/eduard-moerike-schule.de\/#organization"},"potentialAction":[{"@type":"SearchAction","target":{"@type":"EntryPoint","urlTemplate":"https:\/\/eduard-moerike-schule.de\/?s={search_term_string}"},"query-input":{"@type":"PropertyValueSpecification","valueRequired":true,"valueName":"search_term_string"}}],"inLanguage":"de"},{"@type":"Organization","@id":"https:\/\/eduard-moerike-schule.de\/#organization","name":"Eduard-M\u00f6rike-Schule Blaustein","url":"https:\/\/eduard-moerike-schule.de\/","logo":{"@type":"ImageObject","inLanguage":"de","@id":"https:\/\/eduard-moerike-schule.de\/#\/schema\/logo\/image\/","url":"https:\/\/eduard-moerike-schule.de\/wp-content\/uploads\/2017\/11\/logo_1000.jpg","contentUrl":"https:\/\/eduard-moerike-schule.de\/wp-content\/uploads\/2017\/11\/logo_1000.jpg","width":1000,"height":356,"caption":"Eduard-M\u00f6rike-Schule Blaustein"},"image":{"@id":"https:\/\/eduard-moerike-schule.de\/#\/schema\/logo\/image\/"}}]}},"_links":{"self":[{"href":"https:\/\/eduard-moerike-schule.de\/index.php\/wp-json\/wp\/v2\/pages\/181","targetHints":{"allow":["GET"]}}],"collection":[{"href":"https:\/\/eduard-moerike-schule.de\/index.php\/wp-json\/wp\/v2\/pages"}],"about":[{"href":"https:\/\/eduard-moerike-schule.de\/index.php\/wp-json\/wp\/v2\/types\/page"}],"author":[{"embeddable":true,"href":"https:\/\/eduard-moerike-schule.de\/index.php\/wp-json\/wp\/v2\/users\/1"}],"replies":[{"embeddable":true,"href":"https:\/\/eduard-moerike-schule.de\/index.php\/wp-json\/wp\/v2\/comments?post=181"}],"version-history":[{"count":21,"href":"https:\/\/eduard-moerike-schule.de\/index.php\/wp-json\/wp\/v2\/pages\/181\/revisions"}],"predecessor-version":[{"id":3148,"href":"https:\/\/eduard-moerike-schule.de\/index.php\/wp-json\/wp\/v2\/pages\/181\/revisions\/3148"}],"wp:attachment":[{"href":"https:\/\/eduard-moerike-schule.de\/index.php\/wp-json\/wp\/v2\/media?parent=181"}],"curies":[{"name":"wp","href":"https:\/\/api.w.org\/{rel}","templated":true}]}}

<div id="wrapper">
<h1>Elternvertreter und Elternbeirat</h1>
<div style="text-align: left;">Der Elternbeirat wird gebildet von den Elternvertretern und Stellvertreter der einzelnen Klassen. Der Elternbeirat wählt einen Vorsitzenden und Stellvertreter, die die Wünsche und Vorschläge der Eltern an die Schulleitung weitergeben und alle Eltern der Schule gegenüber der Öffentlichkeit vertreten. Außerdem nehmen sie an den Beratungen der Schulkonferenz teil.</div>
<div id="inhalt">
<p style="text-align: left;">Im diesem Schuljahr gibt es folgende Elternvertreter:</p>
<p style="text-align: left;"><strong>Klassenelternvertreter:</strong></p>
<table cellspacing="0" cellpadding="0">
<tbody>
<tr>
<td valign="middle">
<p>Klasse 1a:</p>
</td>
<td valign="middle">
<p>Sarah Bucher</p>
</td>
<td valign="middle">
<p>Michael Bayer</p>
</td>
</tr>
<tr>
<td valign="middle">
<p>Klasse 1b:</p>
</td>
<td valign="middle">
<p>Dr. Cornelia Kropf-Sanchen</p>
</td>
<td valign="middle">
<p>Eva-Maria Schmid</p>
</td>
</tr>
<tr>
<td valign="middle">
<p>Klasse 2a:</p>
</td>
<td valign="middle">
<p>Jelena Haghitat</p>
</td>
<td valign="middle">
<p>Dilek Er</p>
</td>
</tr>
<tr>
<td valign="middle">
<p>Klasse 2b:</p>
</td>
<td valign="middle">
<p>Gloria Luther</p>
</td>
<td valign="middle">
<p>Ariane Kehl</p>
</td>
</tr>
<tr>
<td valign="middle">
<p>Klasse 3a:</p>
</td>
<td valign="middle">
<p>Anikó Diegel</p>
</td>
<td valign="middle">
<p>Nathalie Hund</p>
</td>
</tr>
<tr>
<td valign="middle">
<p>Klasse 3b:</p>
</td>
<td valign="middle">
<p>Angela Söll</p>
</td>
<td valign="middle">
<p>Jan Schreckenberg</p>
</td>
</tr>
<tr>
<td valign="middle">
<p>Klasse 4a:</p>
</td>
<td valign="middle">
<p>Kristina Lenz</p>
</td>
<td valign="middle">
<p>Clarissa Azevedo Maikebay</p>
</td>
</tr>
<tr>
<td valign="middle">
<p>Klasse 4b:</p>
</td>
<td valign="middle">
<p>Anna Walter</p>
</td>
<td valign="middle">
<p>Teresa Alos Santamaria</p>
</td>
</tr>
</tbody>
</table>
</div>
</div>
<p style="text-align: left;"><strong>Elternbeiratsvorsitzende:</strong></p>
<table style="height: 29px;" width="729">
<tbody>
<tr>
<td>Anikó Diegel</td>
<td>Michael Bayer</td>
</tr>
</tbody>
</table>


<p></p>

<p>Elternvertreter und Elternbeirat Der Elternbeirat wird gebildet von den Elternvertretern und Stellvertreter der einzelnen Klassen. Der Elternbeirat wählt einen Vorsitzenden und Stellvertreter, die die Wünsche und Vorschläge der Eltern an die Schulleitung weitergeben und alle Eltern der Schule gegenüber der Öffentlichkeit vertreten. Außerdem nehmen sie an den Beratungen der Schulkonferenz teil. Im diesem Schuljahr gibt &hellip; </p>
<p class="link-more"><a href="https://eduard-moerike-schule.de/index.php/elternbeirat/" class="more-link"><span class="screen-reader-text">„Elternbeirat“ </span>weiterlesen</a></p>

<!-- This site is optimized with the Yoast SEO plugin v27.1.1 - https://yoast.com/product/yoast-seo-wordpress/ -->
<title>Elternbeirat - Eduard-Mörike-Grundschule Blaustein</title>
<meta name="robots" content="index, follow, max-snippet:-1, max-image-preview:large, max-video-preview:-1" />
<link rel="canonical" href="https://eduard-moerike-schule.de/index.php/elternbeirat/" />
<meta property="og:locale" content="de_DE" />
<meta property="og:type" content="article" />
<meta property="og:title" content="Elternbeirat - Eduard-Mörike-Grundschule Blaustein" />
<meta property="og:description" content="Elternvertreter und Elternbeirat Der Elternbeirat wird gebildet von den Elternvertretern und Stellvertreter der einzelnen Klassen. Der Elternbeirat wählt einen Vorsitzenden und Stellvertreter, die die Wünsche und Vorschläge der Eltern an die Schulleitung weitergeben und alle Eltern der Schule gegenüber der Öffentlichkeit vertreten. Außerdem nehmen sie an den Beratungen der Schulkonferenz teil. Im diesem Schuljahr gibt &hellip; „Elternbeirat“ weiterlesen" />
<meta property="og:url" content="https://eduard-moerike-schule.de/index.php/elternbeirat/" />
<meta property="og:site_name" content="Eduard-Mörike-Grundschule Blaustein" />
<meta property="article:modified_time" content="2025-10-21T17:55:39+00:00" />
<meta name="twitter:card" content="summary_large_image" />
<meta name="twitter:label1" content="Geschätzte Lesezeit" />
	<meta name="twitter:data1" content="1 Minute" />
<script type="application/ld+json" class="yoast-schema-graph">{"@context":"https://schema.org","@graph":[{"@type":"WebPage","@id":"https://eduard-moerike-schule.de/index.php/elternbeirat/","url":"https://eduard-moerike-schule.de/index.php/elternbeirat/","name":"Elternbeirat - Eduard-Mörike-Grundschule Blaustein","isPartOf":{"@id":"https://eduard-moerike-schule.de/#website"},"datePublished":"2017-11-16T17:15:06+00:00","dateModified":"2025-10-21T17:55:39+00:00","breadcrumb":{"@id":"https://eduard-moerike-schule.de/index.php/elternbeirat/#breadcrumb"},"inLanguage":"de","potentialAction":[{"@type":"ReadAction","target":["https://eduard-moerike-schule.de/index.php/elternbeirat/"]}]},{"@type":"BreadcrumbList","@id":"https://eduard-moerike-schule.de/index.php/elternbeirat/#breadcrumb","itemListElement":[{"@type":"ListItem","position":1,"name":"Startseite","item":"https://eduard-moerike-schule.de/"},{"@type":"ListItem","position":2,"name":"Elternbeirat"}]},{"@type":"WebSite","@id":"https://eduard-moerike-schule.de/#website","url":"https://eduard-moerike-schule.de/","name":"Eduard-Mörike-Grundschule Blaustein","description":"Bunt &amp; Stark","publisher":{"@id":"https://eduard-moerike-schule.de/#organization"},"potentialAction":[{"@type":"SearchAction","target":{"@type":"EntryPoint","urlTemplate":"https://eduard-moerike-schule.de/?s={search_term_string}"},"query-input":{"@type":"PropertyValueSpecification","valueRequired":true,"valueName":"search_term_string"}}],"inLanguage":"de"},{"@type":"Organization","@id":"https://eduard-moerike-schule.de/#organization","name":"Eduard-Mörike-Schule Blaustein","url":"https://eduard-moerike-schule.de/","logo":{"@type":"ImageObject","inLanguage":"de","@id":"https://eduard-moerike-schule.de/#/schema/logo/image/","url":"https://eduard-moerike-schule.de/wp-content/uploads/2017/11/logo_1000.jpg","contentUrl":"https://eduard-moerike-schule.de/wp-content/uploads/2017/11/logo_1000.jpg","width":1000,"height":356,"caption":"Eduard-Mörike-Schule Blaustein"},"image":{"@id":"https://eduard-moerike-schule.de/#/schema/logo/image/"}}]}</script>
<!-- / Yoast SEO plugin. -->

Elternbeirat - Eduard-Mörike-Grundschule Blaustein

Elternvertreter und Elternbeirat Der Elternbeirat wird gebildet von den Elternvertretern und Stellvertreter der einzelnen Klassen. Der Elternbeirat wählt einen Vorsitzenden und Stellvertreter, die die Wünsche und Vorschläge der Eltern an die Schulleitung weitergeben und alle Eltern der Schule gegenüber der Öffentlichkeit vertreten. Außerdem nehmen sie an den Beratungen der Schulkonferenz teil. Im diesem Schuljahr gibt &hellip; „Elternbeirat“ weiterlesen

Eduard-Mörike-Grundschule Blaustein

Eduard-Mörike-Schule Blaustein
